325?
8
What is the millions digit of 2279957097?
9
What is the units digit of 41264389?
9
What is the hundred millions digit of 126244778?
1
What is the hundred thousands digit of 1833236078?
2
What is the millions digit of 58622576?
8
What is the tens digit of 21735371?
7
What is the hundreds digit of 5465846?
8
What is the hundreds digit of 72699140?
1
What is the hundred millions digit of 1181708395?
1
What is the units digit of 201286231?
1
What is the ten thousands digit of 123895219?
9
What is the tens digit of 367273549?
4
What is the millions digit of 2500673723?
0
What is the ten millions digit of 987894653?
8
What is the units digit of 56576139?
9
What is the units digit of 2459821796?
6
What is the ten thousands digit of 4005209811?
0
What is the thousands digit of 921249843?
9
What is the hundred millions digit of 5315391632?
3
What is the thousands digit of 543099665?
9
What is the hundreds digit of 6782181590?
5
What is the tens digit of 73609189?
8
What is the hundreds digit of 951804099?
0
What is the hundred thousands digit of 2609156854?
1
What is the billions digit of 1471809519?
1
What is the ten millions digit of 11164942?
1
What is the thousands digit of 291796755?
6
What is the ten thousands digit of 169089984?
8
What is the hundred millions digit of 1044183491?
0
What is the hundreds digit of 1610142079?
0
What is the thousands digit of 3111232632?
2
What is the hundreds digit of 123445648?
6
What is the hundred millions digit of 206690712?
2
What is the ten thousands digit of 827775852?
7
What is the millions digit of 9711581?
9
What is the ten millions digit of 69257695?
6
What is the thousands digit of 58045919?
5
What is the ten millions digit of 63160332?
6
What is the thousands digit of 228929935?
9
What is the hundreds digit of 54413142?
1
What is the ten thousands digit of 174471371?
7
What is the hundred millions digit of 965550155?
9
What is the units digit of 5935189386?
6
What is the thousands digit of 6586282875?
2
What is the hundred millions digit of 6611083005?
6
What is the ten thousands digit of 83732446?
3
What is the tens digit of 3781212273?
7
What is the ten thousands digit of 179430580?
3
What is the hundred millions digit of 106973160?
1
What is the millions digit of 24499351?
4
What is the millions digit of 234151671?
4
What is the thousands digit of 2181600914?
0
What is the tens digit of 52325525?
2
What is the ten thousands digit of 119803802?
0
What is the millions digit of 4889337?
4
What is the ten thousands digit of 511759814?
5
What is the hundred thousands digit of 2417383602?
3
What is the millions digit of 797261104?
7
What is the hundred thousands digit of 931655?
9
What is the millions digit of 106830913?
6
What is the units digit of 33840847?
7
What is the thousands digit of 45351468?
1
What is the millions digit of 11897679?
1
What is the ten thousands digit of 208271096?
7
What is the ten millions digit of 3737226866?
3
What is the millions digit of 71081521?
1
What is the units digit of 1080839121?
1
What is the hundred thousands digit of 154267397?
2
What is the hundreds digit of 77699469?
4
What is the hundred thousands digit of 104789556?
7
What is the ten millions digit of 112619297?
1
What is the units digit of 75624534?
4
What is the thousands digit of 113415887?
5
What is the ten thousands digit of 685873567?
7
What is the tens digit of 254394935?
3
What is the hundred thousands digit of 114150090?
1
What is the ten thousands digit of 90636624?
3
What is the ten thousands digit of 4741489450?
8
What is the units digit of 44533025?
5
What is the ten millions digit of 421998776?
2
What is the units digit of 3763382325?
5
What is the millions digit of 55894706?
5
What is the thousands digit of 3879613486?
3
What is the units digit of 128498254?
4
What is the units digit of 1052756924?
4
What is the billions digit of 1309428102?
1
What is the hundred millions digit of 544386278?
5
What is the hundred thousands digit of 254725098?
7
What is the units digit of 69398594?
4
What is the ten thousands digit of 5305411?
0
What is the tens digit of 96071100?
0
What is the hundred millions digit of 1403238895?
4
What is the ten millions digit of 22895646?
2
What is the tens digit of 131884009?
0
What is the ten thousands digit of 2150620284?
2
What is the ten millions digit of 52437356?
5
What is the units digit of 115775221?
1
What is the millions digit of 659445669?
9
What is the millions digit of 734452051?
4
What is the millions digit of 42518538?
2
What is the ten millions digit of 853550464?
5
What is the tens digit of 57913357?
5
What is the millions digit of 70533273?
0
What is the thousands digit of 42013009?
3
What is the ten millions digit of 401252880?
0
What is the ten thousands digit of 26729541?
2
What is the ten millions digit of 121851577?
2
What is the hundreds digit of 6586416?
4
What is the thousands digit of 330851520?
1
What is the millions digit of 1442711216?
2
What is the tens digit of 150840404?
0
What is the tens digit of 196340943?
4
What is the ten millions digit of 296622531?
9
What is the ten thousands digit of 3102279649?
7
What is the hundred thousands digit of 322052906?
0
What is the ten millions digit of 27509356?
2
What is the ten thousands digit of 346049003?
4
What is the hundreds digit of 96024605?
6
What is the tens digit of 160065909?
0
What is the millions digit of 267517679?
7
What is the hundred thousands digit of 1768976341?
9
What is the hundred millions digit of 3178770346?
1
What is the hundred thousands digit of 158407316?
4
What is the hundreds digit of 480277726?
7
What is the tens digit of 278532825?
2
What is the ten millions digit of 45645854?
4
What is the ten thousands digit of 23805107?
0
What is the tens digit of 6079577?
7
What is the hundred millions digit of 267218482?
2
What is the hundred millions digit of 1896793274?
8
What is the hundreds digit of 8325350?
3
What is the hundreds digit of 40420355?
3
What is the hundreds digit of 9767680?
6
What is the billions digit of 1132155871?
1
What is the tens digit of 861417515?
1
What is the tens digit of 614487055?
5
What is the ten thousands digit of 860613293?
1
What is the millions digit of 1636404183?
6
What is the hundred thousands digit of 699252092?
2
What is the hundreds digit of 44840618?
6
What is the millions digit of 158178444?
8
What is the hundreds digit of 718202220?
2
What is the billions digit of 9162377285?
9
What is the ten millions digit of 398931078?
9
What is the hundred thousands digit of 134480494?
4
What is the ten millions digit of 241763018?
4
What is the hundred thousands digit of 2313719973?
7
What is the units digit of 10769564?
4
What is the units digit of 38801541?
1
What is the hundreds digit of 5783225?
2
What is the hundred millions digit of 229821077?
2
What is the hundred thousands digit of 27320308?
3
What is the tens digit of 416267679?
7
What is the billions digit of 1399107631?
1
What is the hundreds digit of 1542758343?
3
What is the ten thousands digit of 1438805197?
0
What is the ten thousands digit of 230552525?
5
What is the tens digit of 33188746?
4
What is the hundred thousands digit of 6484740405?
7
What is the units digit of 198877624?
4
What is the ten thousands digit of 1583247455?
4
What is the tens digit of 25275992?
9
What is the ten thousands digit of 19210840?
1
What is the billions digit of 1626688540?
1
What is the ten millions digit of 1133861790?
3
What is the ten thousands digit of 103771034?
7
What is the tens digit of 23498983?
8
What is the thousands digit of 498046068?
6
What is the units digit of 625766131?
1
What is the units digit of 5249058254?
4
What is the tens digit of 1303897878?
7
What is the ten millions digit of 17564492?
1
What is the ten millions digit of 56273730?
5
What is the millions digit of 45222804?
5
What is the hundred thousands digit of 25509501?
5
What is the thousands digit of 58729482?
9
What is the millions digit of 5354241846?
4
What is the millions digit of 52532083?
2
What is the thousands digit of 234332103?
2
What is the ten thousands digit of 4582611215?
1
What is the hundred thousands digit of 2338980957?
9
What is the tens digit of 130178445?
4
What is the hundred thousands